e number?
False
Is 294559773 a composite number?
True
Is 2846355557 composite?
False
Is 967564907 prime?
True
Is 49893863603 a composite number?
True
Is 233164297 prime?
True
Is 749511241 a composite number?
True
Is 82207397 composite?
False
Is 14085803761 composite?
False
Is 1340668913 composite?
True
Is 56240545303 a prime number?
False
Is 1133044853 prime?
True
Is 36672761297 composite?
False
Is 19642560887 prime?
True
Is 733374209 a prime number?
False
Is 12506446319 a prime number?
False
Is 1047576953 a composite number?
True
Is 8454190807 composite?
False
Is 5512374113 a composite number?
False
Is 1570627157 prime?
False
Is 297471583 prime?
True
Is 4359942133 composite?
False
Is 24103689391 a composite number?
True
Is 885258883 prime?
True
Is 591292223 prime?
False
Is 26407763189 composite?
False
Is 3368576069 prime?
True
Is 21130340659 composite?
False
Is 2744593283 a composite number?
True
Is 67544084903 a composite number?
True
Is 423429973 prime?
False
Is 68514576563 prime?
False
Is 235915181 a prime number?
True
Is 28521683917 prime?
False
Is 401424643 composite?
False
Is 217627073 a composite number?
True
Is 2885703235 a composite number?
True
Is 27713877551 a prime number?
True
Is 29012784529 prime?
False
Is 38190771743 a prime number?
False
Is 5985849059 a prime number?
False
Is 755249539 prime?
False
Is 8265457331 composite?
True
Is 3525544003 composite?
True
Is 21071696587 prime?
True
Is 900293591 prime?
False
Is 5925716239 a composite number?
False
Is 1767714797 prime?
True
Is 74050562167 prime?
True
Is 461521861 a composite number?
False
Is 48004080907 a composite number?
False
Is 59666921 prime?
True
Is 1011044201 prime?
True
Is 1302149939 a prime number?
True
Is 21054257377 prime?
False
Is 61146611 a composite number?
True
Is 22219734289 a composite number?
True
Is 2984799709 a prime number?
True
Is 59943019151 composite?
True
Is 618682487 a prime number?
False
Is 19072238651 prime?
True
Is 639948227 a composite number?
False
Is 8118606101 prime?
True
Is 1296575747 a prime number?
True
Is 376020941 a prime number?
True
Is 161541311 composite?
False
Is 147534193 prime?
False
Is 829886891 a composite number?
False
Is 13423942793 composite?
True
Is 4914700897 prime?
True
Is 4155283003 composite?
True
Is 176973121 prime?
False
Is 3036710506 prime?
False
Is 757043021 prime?
False
Is 2443058039 prime?
False
Is 20262961093 a composite number?
False
Is 10374152153 a prime number?
False
Is 18915446623 a composite number?
False
Is 6397292173 a prime number?
False
Is 116553289591 a composite number?
False
Is 4324660741 prime?
False
Is 12184279879 a composite number?
True
Is 11473687703 a composite number?
False
Is 49880979983 a prime number?
True
Is 4443895837 a composite number?
True
Is 78865959127 a composite number?
False
Is 944895671 a prime number?
True
Is 15439877 composite?
True
Is 23939581087 a composite number?
True
Is 53614859819 a composite number?
False
Is 6968068087 a composite number?
False
Is 27228080069 prime?
False
Is 2565436087 a prime number?
True
Is 46238077205 prime?
False
Is 244900771 composite?
True
Is 2389479257 composite?
True
Is 9168017182 a composite number?
True
Is 19021754657 a composite number?
False
Is 144020053 a prime number?
False
Is 57074819 a composite number?
False
Is 965464517 composite?
False
Is 1662232151 prime?
True
Is 1853001761 prime?
False
Is 43056793127 a composite number?
True
Is 394295158 prime?
False
Is 5063120603 composite?
False
Is 140261928419 composite?
False
Is 3311867707 a composite number?
False
Is 27814290017 prime?
True
Is 24383816119 a composite number?
True
Is 2934882521 a composite number?
False
Is 487085803 a composite number?
False
Is 12335599621 a prime number?
True
Is 4425485399 prime?
True
Is 4521789037 a prime number?
True
Is 13912003 a composite number?
True
Is 2961527237 a composite number?
False
Is 575963291 composite?
True
Is 5012862793 a prime number?
True
Is 6159910123 a composite number?
True
Is 135077863819 a prime number?
True
Is 13601684017 prime?
True
Is 10946375659 prime?
True
Is 192399289 composite?
True
Is 22073957966 prime?
False
Is 786086321 a prime number?
False
Is 1866025885 composite?
True
Is 7313413567 a prime number?
True
Is 293449361 a composite number?
True
Is 3740342051 composite?
False
Is 1464945367 a prime number?
True
Is 1000725527 a prime number?
False
Is 54429064241 a composite number?
False
Is 763027789 prime?
False
Is 29621397607 a composite number?
False
Is 52528031 composite?
False
Is 778930961 composite?
False
Is 52955474101 a composite number?
False
Is 15762414182 a prime number?
False
Is 198979889 a prime number?
True
Is 24553573741 a composite number?
True
Is 3085245587 a composite number?
True
Is 127168787 a prime number?
False
Is 1029434737 a prime number?
False
Is 78186543653 a composite number?
False
Is 5150610659 a composite number?
False
Is 29737007237 composite?
True
Is 28365545311 prime?
True
Is 3097617179 a composite number?
False
Is 20228357 prime?
True
Is 6649109563 composite?
True
Is 244644657 a prime number?
False
Is 2406370283 prime?
False
Is 661168157 a composite number?
True
Is 4824520369 a prime number?
True
Is 30980174303 a prime number?
False
Is 4444027963 a composite number?
False
Is 29305524602 composite?
True
Is 103906891 a prime number?
False
Is 26444415557 composite?
True
Is 3518971343 a composite number?
False
Is 3153127001 a prime number?
True
Is 6218650901 a prime number?
False
Is 1175096051 prime?
True
Is 56016550393 composite?
True
Is 5776166455 a composite number?
True
Is 8601949151 prime?
False
Is 3263682311 a composite number?
False
Is 2561131831 a composite number?
True
Is 46184601119 composite?
False
Is 18226017317 a composite number?
True
Is 21829528157 a prime number?
False
Is 658180619 a prime number?
False
Is 5252850691 a prime number?
False
Is 314386066757 a composite number?
True
Is 5519200649 a prime number?
False
Is 10213768871 a composite number?
True
Is 4204518203 a composite number?
False
Is 322998365 prime?
False
Is 9969509723 a prime number?
True
Is 4058358851 prime?
True
Is 7044034817 a composite number?
False
Is 1780612133 a composite number?
True
Is 1137969671 composite?
False
Is 1561636333 a composite number?
True
Is 46682266289 a prime number?
True
Is 164132949243 prime?
False
Is 10340694437 prime?
True
Is 106066473941 composite?
False
Is 4304090899 prime?
False
Is 10744937201 composite?
True
Is 182590543093 a prime number?
False
Is 226760122 a prime number?
False
Is 58207505 composite?
True
Is 2606042363 a composite number?
False
Is 192414472903 prime?
False
Is 11651982779 composite?
True
Is 10948067 prime?
False
Is 18419845703 composite?
True
Is 4150515121 a prime number?
True
Is 461858689 prime?
False
Is 9393776753 composite?
True
Is 42222743729 prime?
True
Is 3141972211 a prime number?
False
Is 828135709 a composite number?
True
Is 1226930179 a prime number?
False
Is 3356621557 composite?
True
Is 113344733 composite?
False
Is 114847363 a composite number?
True
Is 2403837073 composite?
True
Is 10896997151 composite?
False
Is 562912489 prime?
False
Is 11617487333 prime?
False
Is 588683467 a prime number?
True
Is 980736979 a prime number?
False
Is 800032913 prime?
False
Is 10096107031 a prime number?
True
Is 248182463 composite?
True
Is 11878333567 a prime number?
True
Is 3869609149 composite?
True
Is 6855827731 a prime number?
True
Is 117125501 composite?
False
Is 1048449953 a composite number?
True
Is 487648571 a prime number?
False
Is 1806750397 a composite number?
False
Is 165305816539 prime?
False
Is 1879280353 prime?
False
Is 1398583097 a prime number?
True
Is 68011183 composite?
True
Is 20874595447 a prime number?
False
Is 4239270179 a prime number?
False
Is 7274928017 a prime number?
False
Is 1859404117 a prime number?
True
Is 393376661 a composite number?
True
Is 191051987 a prime number?
False
Is 550417057 composite?
True
Is 55555863103 prime?
False
Is 100363766869 a prime number?
False
Is 1443943967 composite?
False
Is 1619211943 composite?
True
Is 15840669109 composite?
False
Is 1264387177 a composite number?
False
Is 2051765629 a prime number?
True
Is 1578982623 composite?
True
Is 3388174087 a prime number?
True
Is 7141306567 a prime number?
False
Is 1376192357 a 